he prime factors of t?
5, 79
Let h(r) = r**2 - r. Let x(n) = -n**3 - 10*n**2 + 9*n - 2. Let s(z) = -5*h(z) - x(z). Let u be s(-6). Let g = 27 + u. What are the prime factors of g?
17
Suppose 2*z - 4776 = -4*k, -3*z - z + 4*k + 9588 = 0. What are the prime factors of z?
2, 3, 7, 19
Let f(i) = -12*i - 4. Let m be f(-5). Suppose m = 3*u - 100. Let z = u + -20. List the prime factors of z.
2
Let l = 10 - -14. Suppose 3*z + r = -20, 3*z - 5*r = z - 2. Let q = l - z. List the prime factors of q.
2, 3, 5
Let o = -33 + 22. Let q = -6 - o. Suppose -6 = f - 4*a, -q*a = -2*f - a. List the prime factors of f.
2, 3
Suppose -3*v + 5*s - 545 = -5*v, -4*v + 1126 = -2*s. Suppose 5*d - 130 = v. What are the prime factors of d?
2, 41
Suppose 4*b - 2240 = -5*j, -14*b = -2*j - 15*b + 893. What are the prime factors of j?
2, 3, 37
List the prime factors of 685 - (2 + 1 - 8).
2, 3, 5, 23
Let d = -46 - -351. List the prime factors of d.
5, 61
Suppose 0 = -4*n - o - 12 - 7, -3*o - 9 = 0. Let t = n - -4. Suppose t = 3*i - 36 - 9. What are the prime factors of i?
3, 5
Let c(r) = -r + 27. Suppose -o + 0 = -13. Let k be c(o). Let b = 7 + k. List the prime factors of b.
3, 7
Suppose 12 = 5*g + g. Suppose 12 = -y + 85. List the prime factors of y/3 - g/(-3).
5
Let r(x) = -2*x**3 - 3*x**2 + 3*x - 4. Let m be r(-3). What are the prime factors of m/(-35) + 1934/10?
193
Let c(h) = -26*h + 3. Let q be c(-2). Let a = 95 - q. What are the prime factors of a?
2, 5
Suppose 7*v = 6*v + 1. What are the prime factors of (v + -11)*66/15*-2?
2, 11
Suppose 2*u = -r + 19, 0*u + 4*u - 4*r = 32. Suppose 0 = 4*j - u - 79. List the prime factors of j.
2, 11
Suppose 2*h = 3*c - 512, -c + 3 = -h - 166. Suppose -4*z + c = p, -3*z - 20 = z. List the prime factors of p.
2, 97
Suppose 2 = -3*y + 4*b, 0 = 4*y - 2*y + 4*b - 12. Suppose -y = h - 0, 2*h = -4*l + 404. List the prime factors of (5/15)/(2/l).
17
Let u be (21/14 + 0)/((-1)/2). What are the prime factors of ((-1)/u)/(19/171)?
3
Suppose 4*o + 2*c - 2 = 2*o, 0 = -2*c + 2. Suppose o = -5*a + 13*a - 1096. List the prime factors of a.
137
Suppose 907 = 4*i + 5*f - 802, -i = 4*f - 441. List the prime factors of i.
421
Let g = 118 - 15. Suppose 4*l = -g + 523. What are the prime factors of 3/9 + l/9?
2, 3
Suppose 0 = 44*j - 17*j - 11826. List the prime factors of j.
2, 3, 73
Let r = 752 - 101. Suppose r = -0*b + 3*b. List the prime factors of b.
7, 31
Let l(v) = 9*v**2 + 3*v + 6. Suppose -3*p + 0*p = 6. What are the prime factors of l(p)?
2, 3
Suppose -129 - 1061 = -2*y. What are the prime factors of y?
5, 7, 17
Suppose 0 = -8*p + 7*p + 65. Suppose -p = 2*a - 191. What are the prime factors of a?
3, 7
Suppose 4*z = 5 + 7. Let s be -1*(z*-25 - 2). Let x = s - 45. List the prime factors of x.
2
Let x = -5 - -23. Suppose 3 = -3*p + x. Suppose -p*w = 2*q - 93, 0 = q - 0*q - 2*w - 69. List the prime factors of q.
59
Let j = 5374 - 186. What are the prime factors of j?
2, 1297
Suppose -3*q + 7 = -y - 1, -y - 4*q = -13. Let c(o) = 1 + 8*o + 2*o**3 + y - 4 + 0*o**2 - 4*o**2. List the prime factors of c(3).
2, 5
Suppose -v - a = 2*a - 1, 4*v + 17 = -5*a. List the prime factors of (-566)/v + 9/(-12).
2, 5, 7
Let l(z) = -z**3 - 7*z**2 - 7*z - 2. Let k = 6 + -12. Let h be l(k). Suppose h*g - 65 = p, 0 = -2*g - 5*p - 31 + 80. List the prime factors of g.
17
Suppose -60*s = -66*s + 4794. What are the prime factors of s?
17, 47
Let k(j) = -j**2 - j - 1622. Let l be k(0). List the prime factors of 4/(-18) + 2 + l/(-9).
2, 7, 13
Suppose -6*s + 4*s = -36. Let v = s + -13. Suppose -3*w + 5*f = 4*f - 20, f - 28 = -v*w. List the prime factors of w.
2, 3
Let w be (-25)/(-20) - 9/(-12). Suppose w = -7*u + 8*u. What are the prime factors of u?
2
Let v(i) be the third derivative of i**5/60 + i**4/12 + 13*i**3/2 + 12*i**2. What are the prime factors of v(0)?
3, 13
Let n(m) = -5*m - 68. What are the prime factors of n(-22)?
2, 3, 7
Suppose -5*z - 2*p = -2, z + 3*p = 5*p + 10. Suppose -2*g + 66 = g + 3*s, -z*s - 31 = -g. Let o = g + -12. What are the prime factors of o?
13
Let u = -612 + 823. What are the prime factors of u?
211
Let l = -22 - -25. Suppose 2*a = l + 1. What are the prime factors of a?
2
Let d(q) = -q + 49. Let m be d(-23). Let o = 84 - m. List the prime factors of o.
2, 3
Suppose -2108 = 3*t + 2*z - 8938, 4*z - 4556 = -2*t. Suppose 3*o + 620 = t. Suppose 8*p = -88 + o. List the prime factors of p.
2, 29
Suppose -4*g - 6 = -7*g. Suppose 2*u - j - g = 0, 0*j + 3*j + 6 = 5*u. Suppose 3*k - r = k + 41, u = 3*k - 4*r - 59. What are the prime factors of k?
3, 7
Let a(y) = -y**2 + 25*y - 20. Let s be a(24). Suppose 6*v - 248 = s*v. List the prime factors of v.
2, 31
List the prime factors of -5 + (6 - 13 - -7) + 1098.
1093
Suppose i - 7282 + 2420 = 0. List the prime factors of i.
2, 11, 13, 17
Let q(u) = -u**2 - 8*u + 2. Let f be q(-9). Let k(c) = -2*c - 4. Let h be k(f). List the prime factors of 4/h + 65/25.
3
Let y(r) = r**3 - 5*r**2 - 11*r - 10. List the prime factors of y(9).
5, 43
Suppose -4*r + 8446 = -v + 447, -7997 = -4*r + 3*v. What are the prime factors of r?
2, 5
Let q = 195 - 132. Let t = q + -1. Suppose t = 2*h + 22. List the prime factors of h.
2, 5
Let k be 2/((-56)/(-9876)) - (-4)/14. Let d = -250 + k. List the prime factors of d.
103
Let s be (2*-5)/(-16 - -14). Suppose a + s*r + 6 = 0, 0 = -a - 5*r + 2*r - 2. List the prime factors of (-72)/(-27)*a*6.
2
Suppose -24 = -12*d + 10*d. Suppose -16*u + d*u = -292. List the prime factors of u.
73
Suppose -2*g - 6*g + 1672 = 0. Let u = g + -105. List the prime factors of u.
2, 13
Let d(p) be the third derivative of -p**6/40 - 4*p**5/15 - 11*p**4/24 - p**3/2 + p**2 - 3*p. What are the prime factors of d(-6)?
3, 5
Let p(s) = 7*s + 18. Let c be p(10). List the prime factors of c - -10 - (-1 - 0).
3, 11
Let h(w) = w**2 - 13*w - 11. Let a(t) = -t**2 - 9*t - 5. Let x be a(-9). What are the prime factors of h(x)?
79
Let g = -191 + 336. List the prime factors of g.
5, 29
Let i = -1332 + 2292. What are the prime factors of i?
2, 3, 5
Let z(l) = -l**2 - 14*l + 8. Let s = -179 - -89. Let f be ((-2)/(-3))/(5/s). List the prime factors of z(f).
2
Let x(q) = 225 + 2*q**3 - 56 - q - q**3 + 0*q**3 - q**2. List the prime factors of x(0).
13
Let w = 44 + -41. Suppose -w*c - 26 + 95 = 0. List the prime factors of c.
23
Suppose -20*m + 12 = -16*m. Suppose -49 = -3*k + m*i - 22, -4*k + 2*i = -30. What are the prime factors of k?
2, 3
Let v(p) be the third derivative of p**4/24 + 17*p**3/6 + 9*p**2. Let o be v(-15). Suppose 0*u = -o*u + 52. What are the prime factors of u?
2, 13
Let s = -27 + 33. Suppose -7*b = -s*b - 16. List the prime factors of b.
2
Suppose -1136*j = -1126*j - 35010. List the prime factors of j.
3, 389
What are the prime factors of (0 - 1) + 780/(1 - -11)?
2
Let z = 133 + -236. Let x = -87 - z. What are the prime factors of x?
2
Let q = 7 + -23. What are the prime factors of 1118/22 - q/88?
3, 17
Let g(x) = -x**3 + 12*x**2 + 17*x + 8. Let q = 32 - 116. Let b be -2*(4 + q/8). What are the prime factors of g(b)?
2, 3, 5
Suppose 10311 = 3*c - 3*q, -5*c - 2*q + 11381 = -5797. What are the prime factors of c?
2, 859
Let u be -5 - (-1 - 6) - 132. Let c = u - -281. List the prime factors of c.
151
Suppose t + t = 76. Suppose -76 = 4*f - 4*u, 4*f = 2*u - 35 - 51. Let s = f + t. List the prime factors of s.
2, 7
Let t be 3*(-1)/3*39. Let v be 16/3 + (-26)/t. Suppose -q - 4*q - 2*i + 169 = 0, -v = 2*i. What are the prime factors of q?
5, 7
Let x be (-34)/4 + 2/4. Let d(y) be the third derivative of -y**4/6 + 5*y**3/6 - 46*y**2. What are the prime factors of d(x)?
37
Suppose -4*f - z = 20, 2*z + 3*z = -2*f - 28. Let d be ((-10)/f)/((-13)/(-26)). What are the prime factors of 40 - (-4 - (2 - d))?
41
Suppose 0 = 8*d - 952 + 144. List the prime factors of d.
101
Suppose -4*c = -100 - 248. Suppose 3*m - 78 = -3*j, -5*j + 95 = -0*j - 2*m. Suppose -j = 3*r - c. List the prime factors of r.
2, 11
Suppose 3*d = 437 + 115. Suppose 0 = -4*o + d + 472. What are the prime factors of o?
2, 41
Let j be (-2)/(-3) - (-166)/(-6). Let s(f) = 21*f + 166. Let t be s(-6). Let m = j + t. List the prime factors of m.
13
Suppose 3*j + n - 28 = 6*n, 3*n = -2*j - 13. Let z be (1 - 6)/(-1) - j. Suppose 0 = -5*c - 5*r + 110, 2*c - 4*c - z*r 